e highest common factor of 4107 and 3.
3
What is the highest common divisor of 414 and 3588?
138
Calculate the highest common divisor of 175 and 125.
25
What is the highest common factor of 210 and 6195?
105
Calculate the greatest common factor of 300 and 75.
75
What is the highest common factor of 5 and 5045?
5
What is the greatest common factor of 112 and 70?
14
Calculate the greatest common divisor of 6 and 890.
2
Calculate the highest common divisor of 14 and 126.
14
What is the highest common factor of 434 and 70?
14
Calculate the greatest common factor of 6 and 138.
6
Calculate the greatest common factor of 783 and 189.
27
Calculate the greatest common factor of 4982 and 658.
94
What is the highest common factor of 141 and 1175?
47
Calculate the highest common factor of 34 and 187.
17
What is the highest common divisor of 42 and 1302?
42
Calculate the greatest common factor of 18 and 1179.
9
What is the highest common factor of 6304 and 160?
32
Calculate the greatest common divisor of 22 and 3597.
11
Calculate the highest common factor of 1131 and 78.
39
What is the greatest common factor of 875 and 49?
7
What is the greatest common divisor of 1584 and 198?
198
What is the greatest common divisor of 12 and 62604?
12
What is the greatest common factor of 18660 and 60?
60
What is the highest common factor of 473 and 242?
11
Calculate the greatest common factor of 5 and 535.
5
Calculate the highest common factor of 27 and 369.
9
Calculate the greatest common factor of 32 and 256.
32
What is the greatest common factor of 176 and 240?
16
Calculate the greatest common divisor of 111 and 2775.
111
Calculate the highest common divisor of 720 and 135.
45
What is the highest common factor of 208 and 26?
26
What is the highest common factor of 105 and 84?
21
What is the highest common divisor of 10 and 895?
5
Calculate the greatest common factor of 297 and 54.
27
Calculate the highest common factor of 32 and 36.
4
What is the greatest common factor of 62 and 27187?
31
Calculate the greatest common factor of 3 and 1062.
3
Calculate the highest common divisor of 608 and 114.
38
Calculate the highest common divisor of 60 and 20.
20
Calculate the highest common factor of 12 and 2028.
12
What is the highest common divisor of 861 and 168?
21
What is the greatest common factor of 21307 and 143?
143
What is the highest common factor of 14 and 238?
14
What is the highest common divisor of 4275 and 2475?
225
Calculate the highest common divisor of 215 and 145.
5
What is the greatest common divisor of 32 and 3296?
32
Calculate the highest common divisor of 28 and 448.
28
What is the highest common divisor of 5911 and 1542?
257
What is the greatest common factor of 71 and 9372?
71
Calculate the greatest common divisor of 1010 and 190.
10
What is the highest common factor of 477 and 18?
9
Calculate the greatest common divisor of 45 and 75.
15
What is the greatest common factor of 1832 and 24?
8
What is the greatest common divisor of 204 and 68?
68
What is the greatest common divisor of 1216 and 57?
19
What is the highest common divisor of 174 and 1798?
58
What is the greatest common divisor of 165 and 297?
33
Calculate the greatest common factor of 260 and 1196.
52
What is the highest common divisor of 64 and 448?
64
Calculate the highest common factor of 44 and 913.
11
What is the highest common divisor of 50 and 320?
10
Calculate the greatest common divisor of 27 and 5319.
27
Calculate the highest common factor of 225 and 125.
25
Calculate the highest common factor of 26 and 27638.
26
Calculate the highest common factor of 12 and 15.
3
What is the greatest common divisor of 88440 and 30?
30
Calculate the highest common divisor of 772 and 28178.
386
Calculate the greatest common divisor of 66 and 48.
6
What is the highest common divisor of 19 and 8341?
19
Calculate the greatest common factor of 2960 and 555.
185
What is the highest common divisor of 149 and 4023?
149
Calculate the highest common divisor of 19 and 209.
19
Calculate the greatest common factor of 328 and 46084.
164
What is the greatest common divisor of 189 and 10227?
21
What is the greatest common divisor of 108 and 17199?
27
Calculate the greatest common divisor of 583 and 53.
53
What is the greatest common divisor of 102 and 289?
17
Calculate the greatest common factor of 21 and 14.
7
What is the greatest common divisor of 340 and 64?
4
What is the highest common divisor of 10561 and 177?
59
What is the highest common factor of 101 and 25?
1
What is the highest common divisor of 11 and 99?
11
Calculate the highest common factor of 17 and 19.
1
What is the greatest common factor of 130 and 13182?
26
Calculate the highest common divisor of 50409 and 54.
27
Calculate the highest common divisor of 22 and 4246.
22
What is the highest common factor of 30 and 160?
10
What is the greatest common factor of 4706 and 52?
26
Calculate the greatest common divisor of 8 and 84.
4
Calculate the greatest common factor of 48 and 2676.
12
What is the greatest common factor of 127 and 8509?
127
What is the greatest common factor of 128 and 1024?
128
Calculate the greatest common factor of 165 and 15.
15
What is the greatest common factor of 66 and 1969?
11
Calculate the highest common factor of 333 and 18.
9
Calculate the greatest common divisor of 800 and 820.
20
What is the highest common divisor of 567 and 162?
81
Calculate the greatest common factor of 128 and 160.
32
Calculate the greatest common factor of 99 and 429.
33
What is the greatest common factor of 40 and 88?
8
What is the greatest common divisor of 245 and 525?
35
Calculate the greatest common factor of 2522 and 26.
26
What is the greatest common factor of 33 and 44?
11
Calculate the highest common divisor of 110 and 10.
10
What is the greatest common divisor of 1357 and 253?
23
Calculate the highest common factor of 6 and 10.
2
What is the greatest common divisor of 36 and 2844?
36
What is the highest common factor of 240 and 15?
15
Calculate the greatest common divisor of 620 and 1364.
124
Calculate the highest common factor of 4 and 388.
4
What is the greatest common divisor of 362 and 2?
2
Calculate the greatest common divisor of 950 and 38.
38
Calculate the greatest common divisor of 76 and 361.
19
What is the greatest common factor of 8879 and 26?
13
What is the highest common factor of 3484 and 2144?
268
Calculate the highest common factor of 54 and 783.
27
What is the highest common divisor of 18 and 45?
9
Calculate the greatest common divisor of 11 and 99.
11
What is the highest common divisor of 3156 and 12?
12
Calculate the highest common divisor of 378 and 798.
42
Calculate the highest common factor of 352 and 946.
22
Calculate the greatest common divisor of 2 and 74.
2
Calculate the greatest common divisor of 126 and 5355.
63
What is the highest common factor of 20 and 8?
4
Calculate the highest common factor of 1292 and 68.
68
Calculate the greatest common divisor of 693 and 1764.
63
Calculate the greatest common factor of 20 and 10.
10
What is the greatest common factor of 18225 and 75?
75
What is the highest common factor of 112 and 2576?
112
What is the greatest common factor of 684 and 285?
57
What is the greatest common factor of 8 and 60?
4
Calculate the highest common factor of 280 and 35.
35
What is the highest common factor of 345 and 45?
15
What is the highest common divisor of 41616 and 153?
153
What is the greatest common factor of 1242 and 342?
18
What is the greatest common divisor of 200 and 50?
50
What is the highest common factor of 15 and 85?
5
Calculate the greatest common factor of 35 and 10010.
35
What is the highest common divisor of 58 and 319?
29
Calculate the highest common divisor of 121 and 143.
11
Calculate the greatest common divisor of 7198 and 854.
122
Calculate the greatest common divisor of 690 and 1090.
10
Calculate the highest common factor of 124 and 4.
4
Calculate the greatest common divisor of 45 and 36.
9
What is the highest common divisor of 2167 and 11?
11
Calculate the highest common factor of 920 and 80.
40
What is the highest common factor of 1665 and 222?
111
What is the greatest common divisor of 1448 and 543?
181
Calculate the highest common factor of 184 and 1081.
23
What is the gr